a composite number?
False
Is 61211 prime?
True
Is 806893 a composite number?
False
Is 162139 composite?
True
Is 18599 prime?
False
Is 183023 composite?
False
Is 1391 prime?
False
Is 1721 composite?
False
Is 644729 prime?
True
Is 25283 prime?
False
Is 74377 prime?
True
Is 1847 a prime number?
True
Is 61163 prime?
False
Is 1847 prime?
True
Is 28327 composite?
True
Is 1423685 prime?
False
Is 1361 a prime number?
True
Is 1666001 a composite number?
True
Is 64397 composite?
True
Is 31429 a composite number?
True
Is 67657 a prime number?
False
Is 1977601 a prime number?
True
Is 637027 prime?
False
Is 2951 a prime number?
False
Is 865617 prime?
False
Is 26407 a prime number?
True
Is 5437 a prime number?
True
Is 23847 composite?
True
Is 10249 composite?
True
Is 97219 composite?
True
Is 18869 a prime number?
True
Is 58109 a prime number?
True
Is 147047 a prime number?
True
Is 66299 prime?
False
Is 16343 prime?
False
Is 39047 composite?
False
Is 29467 composite?
True
Is 1867 prime?
True
Is 795071 prime?
True
Is 281881 a prime number?
False
Is 61343 prime?
True
Is 1160941 prime?
True
Is 30661 a prime number?
True
Is 27509 composite?
False
Is 1711 prime?
False
Is 1717 prime?
False
Is 3615641 composite?
False
Is 11027 composite?
False
Is 40907 composite?
True
Is 502739 a composite number?
True
Is 22739 composite?
False
Is 149 a composite number?
False
Is 741779 a prime number?
False
Is 11885 a composite number?
True
Is 55661 composite?
False
Is 89 a prime number?
True
Is 473 prime?
False
Is 1077413 prime?
True
Is 41467 composite?
False
Is 190837 composite?
False
Is 12761 a composite number?
True
Is 67661 a prime number?
False
Is 96059 a composite number?
False
Is 5263 a composite number?
True
Is 10477 composite?
False
Is 88931 a prime number?
False
Is 2573 composite?
True
Is 626663 prime?
True
Is 6007 a prime number?
True
Is 3079 a composite number?
False
Is 895127 a composite number?
False
Is 4783 prime?
True
Is 1642 prime?
False
Is 26339 composite?
False
Is 89591 prime?
True
Is 285599 a prime number?
True
Is 10553 a composite number?
True
Is 115829 prime?
False
Is 14371 a composite number?
True
Is 380179 prime?
True
Is 149333 a prime number?
True
Is 236273 a prime number?
False
Is 1103 prime?
True
Is 66085 composite?
True
Is 183133 a composite number?
True
Is 175697 composite?
True
Is 46219 composite?
False
Is 96127 a composite number?
True
Is 547453 composite?
False
Is 68371 a composite number?
False
Is 209767 a prime number?
True
Is 6683 a prime number?
False
Is 277511 composite?
True
Is 16699 a prime number?
True
Is 26443 composite?
True
Is 90169 composite?
True
Is 30109 composite?
False
Is 12611 composite?
False
Is 72769 composite?
True
Is 230819 composite?
False
Is 487381 prime?
True
Is 22481 composite?
False
Is 36383 composite?
False
Is 372529 a prime number?
False
Is 15349 prime?
True
Is 93923 composite?
False
Is 100241 a composite number?
True
Is 59107 a composite number?
False
Is 365289 a prime number?
False
Is 8879 composite?
True
Is 5545 prime?
False
Is 4209961 a composite number?
True
Is 8051 a prime number?
False
Is 322549 prime?
True
Is 618719 a prime number?
True
Is 7405 a prime number?
False
Is 13033 composite?
False
Is 84589 composite?
False
Is 2171 a prime number?
False
Is 11015 prime?
False
Is 1261 prime?
False
Is 9743 a prime number?
True
Is 142751 composite?
True
Is 134243 composite?
False
Is 58451 composite?
False
Is 271163 a composite number?
False
Is 3629 composite?
True
Is 519067 a composite number?
False
Is 384077 prime?
False
Is 8707 a prime number?
True
Is 522902 a prime number?
False
Is 10291 a composite number?
True
Is 303861 a composite number?
True
Is 4416065 a composite number?
True
Is 306713 a prime number?
False
Is 52837 a composite number?
False
Is 46841 composite?
True
Is 50341 a composite number?
False
Is 231529 a composite number?
False
Is 666403 a composite number?
False
Is 207433 composite?
False
Is 1471 prime?
True
Is 32161 a prime number?
False
Is 23509 a composite number?
False
Is 381791 composite?
False
Is 216547 a composite number?
True
Is 41801 prime?
True
Is 32749 composite?
False
Is 438029 prime?
True
Is 7001 composite?
False
Is 1415303 prime?
True
Is 346697 a prime number?
False
Is 2089417 a composite number?
True
Is 8842 composite?
True
Is 24937 a composite number?
True
Is 138487 composite?
True
Is 59107 prime?
True
Is 18287 composite?
False
Is 111157 a composite number?
True
Is 3254 a prime number?
False
Is 319 composite?
True
Is 53813 composite?
False
Is 538349 a prime number?
False
Is 171233 a composite number?
False
Is 2909 prime?
True
Is 1299523 composite?
True
Is 3155 prime?
False
Is 7171 a prime number?
False
Is 14587 prime?
False
Is 1382353 a composite number?
True
Is 5065 a prime number?
False
Is 91079 a prime number?
True
Is 397 a composite number?
False
Is 9527 prime?
False
Is 612169 a prime number?
True
Is 252347 a composite number?
True
Is 27163 composite?
True
Is 36589 a composite number?
True
Is 1108123 composite?
False
Is 2942 a composite number?
True
Is 1011 a prime number?
False
Is 418321 composite?
False
Is 126913 prime?
True
Is 179477 prime?
False
Is 159379 composite?
True
Is 42259 prime?
False
Is 137633 a prime number?
True
Is 37397 a prime number?
True
Is 2195 a composite number?
True
Is 101129 prime?
False
Is 952993 a prime number?
False
Is 6733 a prime number?
True
Is 147919 a composite number?
False
Is 88169 a composite number?
False
Is 477647 composite?
True
Is 153251 composite?
True
Is 4861 composite?
False
Is 4361501 a composite number?
False
Is 36373 prime?
True
Is 487259 composite?
True
Is 5177 composite?
True
Is 220511 a composite number?
False
Is 146719 a composite number?
False
Is 1171822 composite?
True
Is 57335 a composite number?
True
Is 15539 a prime number?
False
Is 879 a prime number?
False
Is 143889 a prime number?
False
Is 307 composite?
False
Is 819067 a composite number?
True
Is 135743 a composite number?
False
Is 31927 a prime number?
False
Is 177107 composite?
True
Is 13951 composite?
True
Is 236267 a composite number?
True
Is 33365 a prime number?
False
Is 150649 a prime number?
True
Is 129629 a prime number?
True
Is 329261 a prime number?
False
Is 143941 a prime number?
False
Is 1213517 prime?
True
Is 1259 prime?
True
Is 7151 a prime number?
True
Is 49339 composite?
False
Is 29653 a prime number?
False
Is 25903 composite?
False
Is 61861 prime?
True
Is 924409 a prime number?
False
Is 697 a prime number?
False
Is 373889 prime?
False
Is 369557 composite?
False
Is 263897 a prime number?
False
Is 972201 prime?
False
Is 11633 a prime number?
True
Is 97187 prime?
True
Is 140297 composite?
False
Is 229721 a prime number?
False
Is 7653 a composite number?
True
Is 10721 a prime number?
False
Is 227739 prime?
False
Is 204781 composite?
False
Is 87335 prime?
False
Is 131731 a prime number?
True
Is 241195 composite?
True
Is 1481 a composite number?
False
Is 127807 a prime number?
True
Is 65539 a prime number?
True
Is 1673981 a composite number?
False
Is 125011 prime?
False
Is 96413 prime?
False
Is 28463 composite?
False
Is 271351 a composite number?
False
Is 90887 a composite number?
False
Is 7639 composite?
False
Is 221393 a composite number?
False
Is 369193 a prime number?
False
Is 11545 prime?
False
Is 17023 a composite number?
True
Is 584335 prime?
False
Is 48017 composite?
False
Is 19121 a prime number?
True
Is 60271 a prime number?
True
Is 341 composite?
True
Is 234967 prime?
True
Is 26861 a prime number?
True
Is 8903 composite?
True
Is 58033 a prime number?
False
Is 14143 a prime number?
True
Is 16627 prime?
False
Is 37343 composite?
True
Is 235301 composite?
True
Is 49349 prime?
False
Is 246889 prime?
True
Is 173867 a composite number?
False
Is 718871 prime?
True
Is 225809 composite?
False
Is 155579 prime?
True
Is 179603 a composite number?
False
Is 2111 prime?
True
Is 57619 a composite number?
True
Is 26869 composite?
True
Is 1688521 a prime number?
False
Is 99597 prime?
False
Is 40333 composite?
True
Is 94223 composite?
True
Is 70838 a prime number?
False
Is 30629 a prime number?
False
Is 452203 a prime number?
False
Is 590071 composite?
False
Is 28349 a prime number?
True
Is 10133 composite?
False
Is 261539 composite?
True
Is 1366381 a prime number?
False